ommon factor of 74679 and 341?
341
What is the highest common divisor of 8024515 and 56349?
2087
What is the highest common factor of 124174168 and 1168?
584
Calculate the highest common factor of 4005 and 148440.
15
Calculate the greatest common factor of 38766765 and 30.
15
Calculate the highest common factor of 2450400 and 550.
50
What is the highest common factor of 24 and 149511252?
12
What is the greatest common factor of 14 and 14635649?
7
What is the greatest common divisor of 2142 and 43884684?
306
What is the greatest common factor of 813 and 64521?
3
Calculate the greatest common factor of 321813 and 670770.
261
What is the greatest common divisor of 16052976 and 41?
41
Calculate the greatest common divisor of 40 and 3756035.
5
What is the greatest common factor of 57671677 and 33992?
4249
Calculate the highest common divisor of 1880162 and 1133.
103
What is the greatest common divisor of 2134965 and 105?
105
Calculate the greatest common factor of 2753460 and 960.
60
Calculate the greatest common divisor of 4257 and 22011.
33
Calculate the highest common factor of 198398 and 152513.
437
What is the highest common factor of 56516 and 27406?
142
What is the highest common factor of 401 and 1414987447?
401
What is the highest common divisor of 1808 and 546512?
16
What is the highest common factor of 18 and 155966562?
18
What is the greatest common divisor of 4142 and 2718440162?
4142
What is the highest common factor of 3861 and 81939?
429
What is the greatest common factor of 75453 and 7392?
21
What is the greatest common factor of 1152 and 69331456?
128
Calculate the greatest common factor of 3042704 and 1008.
112
What is the highest common divisor of 26689 and 1289171?
13
Calculate the highest common factor of 2540 and 2048475710.
1270
What is the highest common divisor of 633983 and 308320?
1927
Calculate the greatest common factor of 15241129 and 17.
17
What is the highest common factor of 2850908 and 9844?
428
Calculate the highest common divisor of 29733110 and 44.
22
What is the greatest common divisor of 268 and 3361658?
134
What is the highest common factor of 3588 and 236647?
23
What is the highest common divisor of 2017336 and 1006480?
4376
What is the highest common divisor of 340 and 46380280?
20
What is the greatest common factor of 2625 and 30449625?
375
What is the highest common divisor of 299730677 and 566?
283
What is the highest common factor of 450 and 57250450?
50
Calculate the greatest common divisor of 24532 and 4494.
2
What is the greatest common divisor of 5865 and 536843?
391
What is the greatest common divisor of 26968058 and 988?
26
Calculate the greatest common factor of 478070121 and 3126.
1563
What is the highest common factor of 638 and 17067974?
22
Calculate the greatest common divisor of 11105781 and 837.
93
Calculate the highest common factor of 3800642 and 3012.
502
Calculate the greatest common divisor of 1364 and 259952.
44
Calculate the highest common divisor of 673926 and 30162.
66
What is the greatest common divisor of 213 and 20424783?
213
Calculate the highest common divisor of 50272 and 149920.
32
What is the highest common factor of 18305488 and 4780?
956
What is the highest common factor of 1588 and 5841855?
397
Calculate the highest common divisor of 456 and 1444184.
8
Calculate the greatest common divisor of 301885045 and 770.
385
Calculate the greatest common divisor of 17023235 and 292.
73
What is the greatest common factor of 61780101 and 24?
3
Calculate the highest common divisor of 1323963871 and 19.
19
What is the highest common divisor of 1885884 and 599508?
1092
Calculate the greatest common factor of 17049392 and 2.
2
Calculate the highest common divisor of 5856240 and 820.
20
Calculate the highest common factor of 1297400 and 50360.
40
Calculate the highest common divisor of 1115 and 6833612.
223
Calculate the highest common divisor of 70159720 and 1760.
40
What is the highest common factor of 3169523 and 154?
7
What is the highest common divisor of 188221661 and 61?
61
Calculate the greatest common factor of 77400 and 7273880.
1720
Calculate the greatest common factor of 292 and 56738228.
292
Calculate the greatest common divisor of 65410 and 3091010.
310
Calculate the greatest common divisor of 87636596 and 79.
79
What is the highest common divisor of 210678 and 21164?
962
Calculate the greatest common divisor of 6644 and 1018948.
604
What is the greatest common divisor of 240719112 and 303012?
15948
What is the greatest common factor of 840 and 7574910?
210
What is the greatest common divisor of 1308 and 5352829116?
1308
Calculate the highest common divisor of 9056 and 25584.
16
What is the greatest common divisor of 792 and 17821056?
264
Calculate the highest common divisor of 78 and 59196033.
39
Calculate the highest common divisor of 450401 and 1792.
7
What is the greatest common divisor of 836 and 27033523?
209
What is the highest common factor of 7884114 and 696?
174
What is the greatest common divisor of 115711248 and 816?
816
Calculate the highest common divisor of 2820 and 1608199.
47
Calculate the highest common divisor of 71 and 400074137.
71
Calculate the highest common factor of 45 and 4806995.
5
Calculate the greatest common divisor of 1500 and 1740600.
300
Calculate the highest common divisor of 88264832 and 256.
128
Calculate the greatest common factor of 197352 and 36.
36
Calculate the highest common divisor of 33003 and 35188.
19
What is the greatest common factor of 16 and 45004084?
4
What is the greatest common factor of 3140548 and 29412?
3268
Calculate the greatest common factor of 218 and 4400221.
109
Calculate the highest common factor of 271824696 and 21216.
5304
What is the greatest common divisor of 298530 and 499690?
1070
What is the greatest common factor of 733365 and 110080?
215
What is the highest common factor of 1025538 and 99474?
354
Calculate the greatest common factor of 7481007 and 63.
9
Calculate the highest common factor of 61 and 111678556.
61
What is the greatest common factor of 321328 and 1568?
112
Calculate the highest common factor of 7083004 and 496.
124
Calculate the highest common divisor of 2636 and 94957946.
1318
What is the greatest common factor of 281488 and 23464?
8
Calculate the greatest common divisor of 340074 and 153342.
126
Calculate the greatest common factor of 3485 and 106812175.
205
What is the highest common factor of 42 and 164740905?
21
Calculate the greatest common divisor of 718213 and 4552127.
5167
Calculate the greatest common divisor of 136114 and 7148944.
5918
Calculate the highest common divisor of 4176 and 10827063.
261
What is the greatest common factor of 13250 and 56585450?
2650
Calculate the greatest common factor of 13262611 and 1.
1
Calculate the highest common factor of 18663671 and 4029.
1343
What is the greatest common factor of 162625 and 5750?
125
Calculate the highest common divisor of 3266 and 70730129.
1633
What is the highest common factor of 116300926 and 483?
161
What is the greatest common divisor of 65687164 and 20072?
772
Calculate the highest common divisor of 52059 and 195027.
777
Calculate the highest common divisor of 5945288 and 8.
8
Calculate the greatest common factor of 933314 and 14048.
878
What is the highest common factor of 1183 and 7044089?
169
Calculate the greatest common factor of 190 and 92746220.
190
Calculate the greatest common divisor of 305658 and 62.
2
What is the greatest common divisor of 2108289 and 402?
201
What is the highest common factor of 43342 and 1404?
26
Calculate the highest common divisor of 4176 and 876090.
174
Calculate the highest common divisor of 19231939 and 895.
179
What is the highest common factor of 251112 and 4332?
12
What is the greatest common divisor of 14685 and 31812?
33
What is the highest common factor of 83804022 and 2394?
342
Calculate the highest common divisor of 180 and 1390260.
60
Calculate the greatest common divisor of 195264 and 744768.
1728
What is the highest common divisor of 282150 and 22825?
275
What is the greatest common divisor of 17138268 and 24?
12
What is the highest common divisor of 1738019520 and 96?
96
Calculate the highest common divisor of 28 and 6395389.
7
Calculate the highest common factor of 